-2*t + 71 = 11. Let b(w) be the second derivative of w**3/6 + 7*w**2/2 + 5*w. Let h be b(8). Calculate the highest common divisor of h and t.
15
Let c = 1 - 5. Let g = -2 - c. What is the greatest common factor of g and 2?
2
Suppose -5*a + d + 73 = 0, 3*a - 54 = -0*a + 4*d. What is the greatest common factor of a and 21?
7
Let r be 4*-4*(-3)/24. Suppose x = r*x - 85. What is the highest common factor of 17 and x?
17
Let v(f) = f**2 + 6*f + 3. Let u be v(-6). What is the greatest common divisor of u and 9?
3
Let s(d) = -d**3 - 10*d**2 - d - 6. Let i be s(-10). Suppose i*c + 36 = 8*c. Suppose 0 = -2*a + 3*a - 3. What is the greatest common factor of a and c?
3
Suppose 3*h = -0*l - 3*l + 120, 0 = -5*h + l + 230. Calculate the greatest common factor of 18 and h.
9
Suppose 2*l + 2*m + 30 = 184, 0 = -4*l - m + 293. Calculate the highest common factor of 9 and l.
9
Suppose -14*t + 947 - 317 = 0. What is the greatest common divisor of t and 5?
5
Suppose -67 = -4*z - 3*a, 0*a - 46 = -3*z + 2*a. Calculate the highest common factor of z and 160.
16
Let l(c) = 25*c**2 + c. Let v(m) = m**2 - 2*m. Let n be v(1). Let a be l(n). Calculate the greatest common factor of a and 8.
8
Let z be (-80)/30*(1*-4 + 1). Suppose v = 4 + 4. Calculate the highest common divisor of v and z.
8
Suppose 9*i + 238 = 11*i. Let k = 3 - 2. Let y be (-18 + 0 + k)/(-1). Calculate the greatest common divisor of i and y.
17
Suppose -5*p + 110 = 5*k, -k + 9 = 5*p - 1. Suppose -18 = 4*x - 7*x. Suppose -3*z = -x*z + 15. Calculate the highest common divisor of z and k.
5
Let q(c) = -c**3 + 4*c**2 - 3*c + 4. Let l be q(3). Calculate the greatest common factor of l and 1.
1
Let i be 9 + -1 - (-1 - 1). Suppose -k + 5*o = 4*k - 2025, -k = 4*o - 380. Suppose 6*y = y + k. What is the highest common factor of i and y?
10
Suppose 3*u = 5*v - 209 + 27, 5*u = 4*v - 286. Let c be 3/(-6)*0 - u. Calculate the greatest common divisor of 18 and c.
18
Let t be (26/(-6) + 4)/((-2)/156). What is the highest common divisor of 338 and t?
26
Let l = -145 - -273. Let i = 200 - l. What is the highest common factor of 48 and i?
24
Let x = -8 + 5. Suppose -3*f - 2*j = 8, 4*f + 0*f + 2*j = -12. Let u be (-290)/f - x/(-6). Calculate the greatest common factor of u and 18.
18
Suppose 5*s - 985 = -4*m, 0*s = m - s - 235. What is the highest common divisor of 24 and m?
24
Suppose -3*s + x + 97 = 0, s - 21 = x + 8. Suppose 5*u - 342 = -2*y, 2*u - 4*u - 2*y = -138. Calculate the greatest common divisor of s and u.
34
Let y = -258 - -363. Let l be 2/(-7) + (-592)/(-14). Calculate the greatest common divisor of y and l.
21
Let n(s) = -s**3 + 8*s**2 - 9*s + 2. Let j be n(6). Suppose 8 = 5*a - 4*a. What is the greatest common factor of j and a?
4
Let i(u) = u**3 - 3*u**2 - 3*u + 2. Let w be i(4). What is the highest common factor of 3 and w?
3
Let x(b) be the third derivative of -b**6/5 + b**5/60 + b**4/24 + 3*b**2. Let g be x(-1). Calculate the greatest common factor of 8 and g.
8
Suppose 0 = 4*k - 237 + 125. Let c be (-10)/(-2)*84/15. Calculate the greatest common divisor of k and c.
28
Let h be 369/27 - (-1)/3. Calculate the greatest common factor of 14 and h.
14
Let a = 7 + -5. Suppose 0 = a*h + 19 - 159. Let q = 0 - -14. What is the greatest common factor of q and h?
14
Let c be (1 + -127)/(-7 + 5). Calculate the highest common factor of 7 and c.
7
Let x be (-2)/3 + 4/6. Suppose 2*p - 5*t = 175, p - 3*t - 86 = -x*p. Suppose 0 = -0*l + l + 5, -3*l = 2*w - p. What is the highest common factor of 5 and w?
5
Let q be (-1)/3 - (-484)/12. What is the highest common divisor of 280 and q?
40
Let i(o) = -o**2 + 12*o - 8. Let v be i(9). Let j = v + -9. What is the greatest common divisor of j and 5?
5
Let v(b) = -3*b**3 - b**2 + b - 2. Let k be v(-2). Suppose n = -n + 8, 3*n = -5*r + 92. What is the greatest common factor of r and k?
16
Suppose 10 = n + 4*n. Let q be 108/5 + n/5. Let y be (-1048)/(-12) - (-10)/15. What is the greatest common factor of q and y?
22
Suppose -u + 36 = -6. Let j be (1*3)/((-3)/2). Let w(m) = -3*m**3 - 3*m**2 + 2. Let o be w(j). What is the greatest common divisor of u and o?
14
Suppose 20 = 16*x - 15*x. What is the highest common factor of x and 80?
20
Let j(a) = -2*a**3 - 23*a**2 - 14*a - 12. Let m be j(-11). What is the greatest common factor of 105 and m?
21
Let t(r) = r**3 - r**2 + r - 1. Let o be t(0). Let f(n) = n**2 - 2*n - 2. Let m be f(o). Calculate the highest common divisor of 3 and m.
1
Let b = -31 + 48. Calculate the greatest common divisor of b and 136.
17
Suppose 0 = -t - 3*y, 0 = -2*y - 0*y - 2. Suppose t*b + 2*b = 100. Let l be (-2)/(24/(-10) - -2). Calculate the greatest common factor of l and b.
5
Suppose 3*o - 4 = 2*f - 36, 0 = -3*o + f - 34. Let z = 33 + o. Suppose 0 = -l + u, 3*u = z - 6. What is the highest common divisor of 10 and l?
5
Let v = -4 - -8. Suppose 2*q + 3*f + 65 = -0*q, -q - 25 = -f. Let j be (-104)/q + 4/14. Calculate the greatest common divisor of v and j.
4
Let k(w) = w**3 + 10*w**2 + 7*w - 9. Let j be k(-9). Calculate the greatest common divisor of j and 144.
9
Suppose 0*z - 15 = -5*z. Suppose -5*d - 4*a = -316, 43 + 141 = z*d + a. Calculate the greatest common divisor of d and 10.
10
Suppose v - 29 = k - 4*k, 0 = 3*v + 2*k - 80. What is the highest common divisor of 52 and v?
26
Let p(m) = m - 6. Let o be p(7). What is the greatest common divisor of o and 11?
1
Let u(l) be the first derivative of -l**2 + 2*l + 1. Let h be u(-5). Let a be (-41 + 54 + 7*-1)/2. Calculate the highest common factor of a and h.
3
Let f be 28/5 - ((-190)/(-25) - 8). What is the greatest common divisor of 60 and f?
6
Let g = 23 - -4. Let j be (-1)/(g/30 + -1). What is the highest common divisor of 15 and j?
5
Let z = -29 + 42. What is the greatest common divisor of z and 26?
13
Suppose -d = -2*l + 5, 3*d + 1 = -3*l + 4. Let m = -17 - -31. What is the greatest common divisor of m and l?
2
Suppose -a + 34 = 2. What is the highest common factor of a and 48?
16
Let x be 9/(-2)*(-32)/48. Calculate the highest common divisor of 18 and x.
3
Suppose 5 = z - 16. What is the greatest common divisor of z and 42?
21
Suppose -2*w + 12 = 6. What is the highest common factor of 6 and w?
3
Let f(h) be the third derivative of h**4/24 - 4*h**3/3 + h**2. Let t be f(5). Let j be (-1)/3*t*6. Calculate the highest common factor of j and 4.
2
Let w be (-359)/(-7) - ((-48)/(-21) + -2). Calculate the highest common divisor of w and 34.
17
Let a = -7 - -11. Suppose -a*n = -2*n - 40. What is the greatest common factor of 5 and n?
5
Let f = 38 - -4. What is the highest common factor of f and 28?
14
Suppose -83 = -5*v - 23. Suppose -4*u = -0 - 12. Calculate the greatest common divisor of v and u.
3
Let r(z) = 235*z**2 - z + 1. Let x be r(1). Calculate the highest common factor of 94 and x.
47
Let z be ((-25)/(-3))/((-4)/(-12)). Calculate the highest common factor of 25 and z.
25
Suppose 18 = -2*o + 3*o. Calculate the greatest common factor of o and 6.
6
Let a be (-2)/((-4)/20*1). What is the greatest common divisor of 110 and a?
10
Let h = 19 - 10. Let s(k) = -k + 21. Let b be s(h). What is the highest common divisor of b and 4?
4
Suppose 2*f + 3*f - 910 = 0. Calculate the highest common factor of f and 26.
26
Let y be -2 - (-3)/(-3)*-1. Let s = 0 - y. What is the highest common factor of s and 4?
1
Let l(n) = n**2 - 4*n + 5. Let m be l(4). Suppose -2*z - 24 = -m*z. Let w be (-33)/(-2) + 4/(-8). Calculate the greatest common divisor of w and z.
8
Suppose 2*f + 3*a = 36, -26 + 8 = -f + a. Calculate the greatest common divisor of f and 30.
6
Let k = 64 + -52. What is the highest common divisor of 42 and k?
6
Suppose -80 = -0*h - 5*h - 3*l, 0 = 4*l. Let n = -6 - -10. What is the greatest common divisor of h and n?
4
Let c be 3*(28/12 + -3). Let n(l) = -8*l. Let y(x) = 4*x. Let w(a) = -4*n(a) - 10*y(a). Let u be w(c). What is the greatest common factor of 8 and u?
8
Suppose 5 = 2*k - 5, -5*w - 3*k = -440. What is the greatest common factor of 34 and w?
17
Let f(s) = s**2 + 6*s + 4. Let h = -5 - 1. Let x be f(h). What is the greatest common divisor of 4 and x?
4
Let n be ((-198)/12)/(6/(-104)). Suppose 0*l - n = -2*l. Calculate the highest common divisor of l and 13.
13
Suppose 0 = 2*a + 8*p - 3*p - 29, -4*a - 4*